vided by 235?
228
Calculate the remainder when 35531 is divided by 4957.
832
What is the remainder when 104074 is divided by 10?
4
Calculate the remainder when 4642 is divided by 109.
64
Calculate the remainder when 801470 is divided by 52.
46
Calculate the remainder when 106742 is divided by 53350.
42
What is the remainder when 96970 is divided by 8080?
10
What is the remainder when 525108 is divided by 3978?
12
Calculate the remainder when 24396 is divided by 1350.
96
Calculate the remainder when 1491 is divided by 90.
51
Calculate the remainder when 1546 is divided by 1532.
14
Calculate the remainder when 22238 is divided by 156.
86
What is the remainder when 30824 is divided by 130?
14
Calculate the remainder when 7968 is divided by 3971.
26
What is the remainder when 169046 is divided by 9?
8
Calculate the remainder when 4255936 is divided by 2127967.
2
Calculate the remainder when 94527 is divided by 2148.
15
What is the remainder when 3071 is divided by 133?
12
What is the remainder when 60808 is divided by 148?
128
What is the remainder when 61461 is divided by 4390?
1
Calculate the remainder when 2644 is divided by 925.
794
Calculate the remainder when 40809 is divided by 153.
111
What is the remainder when 1780 is divided by 222?
4
Calculate the remainder when 63398 is divided by 5762.
16
Calculate the remainder when 9507 is divided by 1897.
22
Calculate the remainder when 19731 is divided by 600.
531
What is the remainder when 32172 is divided by 592?
204
Calculate the remainder when 11570 is divided by 1157.
0
What is the remainder when 787 is divided by 231?
94
Calculate the remainder when 494 is divided by 214.
66
Calculate the remainder when 15972 is divided by 75.
72
What is the remainder when 219456 is divided by 63?
27
What is the remainder when 93546 is divided by 2337?
66
What is the remainder when 1592 is divided by 3?
2
What is the remainder when 9478 is divided by 267?
133
What is the remainder when 35938 is divided by 8?
2
What is the remainder when 2518 is divided by 678?
484
What is the remainder when 13004 is divided by 61?
11
Calculate the remainder when 188685 is divided by 479.
438
What is the remainder when 12472 is divided by 1049?
933
Calculate the remainder when 16950 is divided by 18.
12
What is the remainder when 535 is divided by 47?
18
Calculate the remainder when 20026 is divided by 23.
16
Calculate the remainder when 59565 is divided by 16.
13
Calculate the remainder when 2811 is divided by 63.
39
Calculate the remainder when 3373 is divided by 748.
381
What is the remainder when 975468 is divided by 10?
8
What is the remainder when 21643 is divided by 158?
155
Calculate the remainder when 6271 is divided by 169.
18
Calculate the remainder when 283140 is divided by 94375.
15
What is the remainder when 11242 is divided by 154?
0
Calculate the remainder when 150690 is divided by 1159.
20
What is the remainder when 5016 is divided by 31?
25
Calculate the remainder when 9784 is divided by 9694.
90
What is the remainder when 11927 is divided by 284?
283
Calculate the remainder when 13674 is divided by 6816.
42
What is the remainder when 1297 is divided by 320?
17
Calculate the remainder when 140475 is divided by 1979.
1945
Calculate the remainder when 482 is divided by 103.
70
Calculate the remainder when 17052 is divided by 16.
12
Calculate the remainder when 9511 is divided by 2376.
7
What is the remainder when 1711 is divided by 58?
29
What is the remainder when 1937 is divided by 587?
176
What is the remainder when 31857 is divided by 969?
849
Calculate the remainder when 4515 is divided by 14.
7
What is the remainder when 34517 is divided by 2458?
105
Calculate the remainder when 1618024 is divided by 34.
32
Calculate the remainder when 8306 is divided by 26.
12
Calculate the remainder when 11538 is divided by 380.
138
What is the remainder when 1644 is divided by 1632?
12
Calculate the remainder when 48815 is divided by 48732.
83
What is the remainder when 11540 is divided by 167?
17
What is the remainder when 10966 is divided by 1369?
14
What is the remainder when 79506 is divided by 9938?
2
Calculate the remainder when 3530 is divided by 153.
11
What is the remainder when 423 is divided by 7?
3
Calculate the remainder when 5401 is divided by 488.
33
What is the remainder when 2148 is divided by 210?
48
What is the remainder when 1135 is divided by 287?
274
Calculate the remainder when 4487 is divided by 32.
7
What is the remainder when 4687 is divided by 862?
377
Calculate the remainder when 10134 is divided by 101.
34
Calculate the remainder when 23113 is divided by 222.
25
What is the remainder when 5285639 is divided by 15?
14
Calculate the remainder when 3533 is divided by 775.
433
What is the remainder when 70615 is divided by 11769?
1
What is the remainder when 16604 is divided by 21?
14
What is the remainder when 5621 is divided by 25?
21
What is the remainder when 6008 is divided by 6004?
4
Calculate the remainder when 119355 is divided by 540.
15
What is the remainder when 439618 is divided by 33?
25
Calculate the remainder when 14616 is divided by 1.
0
Calculate the remainder when 11377 is divided by 111.
55
What is the remainder when 10686 is divided by 334?
332
Calculate the remainder when 3618 is divided by 67.
0
Calculate the remainder when 1972 is divided by 347.
237
Calculate the remainder when 96694 is divided by 96662.
32
What is the remainder when 32882 is divided by 186?
146
Calculate the remainder when 64254 is divided by 48.
30
What is the remainder when 3660 is divided by 444?
108
Calculate the remainder when 64029 is divided by 107.
43
Calculate the remainder when 30879 is divided by 13.
4
What is the remainder when 47083 is divided by 7?
1
Calculate the remainder when 3415 is divided by 2851.
564
Calculate the remainder when 19110 is divided by 6369.
3
What is the remainder when 7573 is divided by 7354?
219
What is the remainder when 10307 is divided by 2576?
3
What is the remainder when 9410 is divided by 143?
115
What is the remainder when 75 is divided by 63?
12
What is the remainder when 77614 is divided by 8?
6
What is the remainder when 63180 is divided by 215?
185
Calculate the remainder when 733038 is divided by 385.
383
Calculate the remainder when 1436 is divided by 591.
254
What is the remainder when 7621 is divided by 543?
19
Calculate the remainder when 21956 is divided by 5485.
16
What is the remainder when 456384 is divided by 65196?
12
What is the remainder when 1131 is divided by 30?
21
Calculate the remainder when 7170 is divided by 421.
13
What is the remainder when 1757353 is divided by 1407?
10
Calculate the remainder when 4670566 is divided by 504.
502
Calculate the remainder when 51637 is divided by 960.
757
What is the remainder when 138339 is divided by 244?
235
What is the remainder when 719 is divided by 112?
47
What is the remainder when 1186 is divided by 557?
72
Calculate the remainder when 54891 is divided by 146.
141
What is the remainder when 72054 is divided by 764?
238
What is the remainder when 136903 is divided by 197?
185
Calculate the remainder when 174109 is divided by 43524.
13
What is the remainder when 1007788 is divided by 274?
16
Calculate the remainder when 139355 is divided by 309.
305
What is the remainder when 2459 is divided by 224?
219
Calculate the remainder when 94645 is divided by 94635.
10
What is the remainder when 1620014 is divided by 84?
74
What is the remainder when 2930 is divided by 221?
57
What is the remainder when 102779 is divided by 1772?
3
What is the remainder when 120173 is divided by 95?
93
Calculate the remainder when 103623 is divided by 35.
23
Calculate the remainder when 6760 is divided by 814.
248
Calculate the remainder when 6909 is divided by 406.
7
Calculate the remainder when 3306 is divided by 254.
4
What is the remainder when 1093 is divided by 176?
37
What is the remainder when 12249 is divided by 35?
34
What is the remainder when 48260 is divided by 65?
30
What is the remainder when 2063 is divided by 1024?
15
Calculate the remainder when 567811 is divided by 1675.
1661
What is the remainder when 775026 is divided by 88?
10
Calculate the remainder when 4220 is divided by 378.
62
What is th